 of 2324 and 328328?
28
Calculate the greatest common divisor of 40184560 and 13.
13
What is the greatest common divisor of 300305 and 1870?
85
Calculate the greatest common divisor of 368837 and 12432.
7
Calculate the highest common divisor of 3722795 and 245.
5
Calculate the greatest common divisor of 975 and 771750.
75
Calculate the greatest common divisor of 189736 and 228808.
296
Calculate the greatest common factor of 170 and 42634147.
17
Calculate the greatest common factor of 446702 and 48574.
298
Calculate the highest common divisor of 36 and 2351938308.
12
Calculate the highest common factor of 64657820 and 3567.
1189
What is the greatest common divisor of 5251455 and 8910?
495
What is the greatest common factor of 1799287 and 306765?
401
Calculate the greatest common factor of 14873261 and 652.
163
What is the greatest common factor of 375 and 4895045?
5
Calculate the greatest common divisor of 2634632 and 268961.
539
Calculate the greatest common divisor of 934 and 13362738.
934
Calculate the greatest common divisor of 1245 and 727576755.
1245
Calculate the highest common divisor of 851256 and 4928.
56
Calculate the highest common divisor of 727342 and 432740.
154
Calculate the highest common divisor of 1765805 and 735.
5
Calculate the greatest common factor of 201794718 and 26782.
3826
Calculate the highest common divisor of 48 and 54267248.
16
Calculate the greatest common divisor of 6460823 and 232.
29
What is the highest common factor of 2522 and 818486?
194
Calculate the highest common divisor of 171738472 and 64.
8
Calculate the highest common divisor of 42 and 4553202.
6
What is the highest common divisor of 9398653 and 44?
11
Calculate the highest common factor of 32384 and 14752.
32
Calculate the greatest common factor of 203 and 13950479.
29
What is the highest common divisor of 4208 and 81563927?
263
What is the greatest common factor of 2665877 and 166?
83
What is the greatest common divisor of 358455920 and 32?
16
What is the greatest common divisor of 12104355 and 294480?
6135
What is the greatest common divisor of 6705121 and 1403?
23
Calculate the greatest common factor of 60316 and 683468.
68
What is the greatest common divisor of 14 and 8580522?
2
What is the greatest common divisor of 1175 and 12855775?
25
Calculate the highest common divisor of 8948148 and 3828.
132
Calculate the highest common factor of 53689768 and 682.
682
What is the greatest common divisor of 155468 and 7564?
4
What is the greatest common divisor of 193682 and 140548?
1714
What is the greatest common factor of 33 and 2079123?
3
Calculate the highest common factor of 59472 and 60832422.
7434
What is the greatest common divisor of 18050169 and 1614?
807
What is the greatest common divisor of 169068 and 30108?
2316
What is the highest common factor of 3388 and 43440012?
308
What is the greatest common divisor of 72362 and 2448086?
194
What is the highest common divisor of 210 and 14994084?
42
What is the highest common factor of 4985509 and 515?
103
What is the greatest common factor of 30472969 and 1829?
1829
Calculate the highest common divisor of 2844 and 1114374.
474
Calculate the highest common factor of 872 and 68616808.
872
Calculate the highest common factor of 820 and 2662037750.
410
What is the highest common divisor of 70684160 and 2560?
2560
What is the greatest common factor of 759371565 and 1587?
1587
Calculate the highest common divisor of 2431 and 110107657.
187
What is the greatest common divisor of 1358125 and 1886000?
5125
Calculate the greatest common divisor of 1093878 and 270.
54
Calculate the highest common divisor of 276474 and 19220784.
3894
Calculate the greatest common factor of 616 and 273055398.
154
What is the greatest common factor of 4804020 and 858780?
2340
What is the greatest common divisor of 196 and 227709566?
98
What is the greatest common factor of 1111 and 50284769?
101
Calculate the greatest common divisor of 1656 and 21319965.
207
Calculate the highest common divisor of 4 and 10215.
1
What is the highest common factor of 8365 and 9233765?
1195
What is the highest common factor of 102029 and 218707?
257
What is the highest common divisor of 6641303 and 82?
41
Calculate the greatest common divisor of 222 and 87072.
6
Calculate the highest common factor of 4412 and 5482.
2
Calculate the highest common factor of 50526 and 557.
1
What is the greatest common factor of 2119 and 80047181?
163
Calculate the greatest common factor of 1882 and 29936974.
1882
What is the highest common factor of 57 and 60969?
3
What is the greatest common divisor of 38546 and 86?
2
What is the highest common divisor of 4656 and 167854620?
1164
Calculate the highest common divisor of 38844468 and 1314.
1314
Calculate the highest common divisor of 3862198 and 3015470.
3994
What is the greatest common factor of 252 and 116502372?
252
What is the greatest common factor of 216 and 15269742?
54
What is the greatest common divisor of 19111022 and 966?
322
What is the greatest common divisor of 624 and 204624381?
39
Calculate the highest common factor of 302 and 69358679.
151
Calculate the highest common divisor of 3334 and 578599030.
3334
Calculate the highest common divisor of 189 and 36601713.
27
Calculate the highest common factor of 6622 and 3549238.
154
Calculate the greatest common divisor of 451 and 3691369.
11
What is the greatest common divisor of 24645665 and 11033?
187
What is the greatest common divisor of 712113984 and 103?
103
Calculate the greatest common divisor of 7132010 and 255.
85
Calculate the highest common factor of 591 and 101166789.
591
Calculate the highest common factor of 152390763 and 9954.
4977
Calculate the greatest common divisor of 33 and 268615061.
11
What is the greatest common divisor of 170503036 and 38?
38
Calculate the greatest common factor of 10377819 and 76.
19
Calculate the greatest common factor of 660584 and 44872.
568
What is the greatest common factor of 848317 and 1916393?
2363
Calculate the greatest common factor of 956501651 and 238.
119
What is the greatest common factor of 13959 and 188199?
99
Calculate the highest common divisor of 49559011 and 133.
19
What is the highest common divisor of 214291 and 606694?
2783
Calculate the highest common divisor of 3952 and 171301.
13
What is the highest common divisor of 195 and 58003413?
39
What is the highest common factor of 1751 and 272579921?
1751
Calculate the highest common divisor of 6 and 3303759.
3
Calculate the greatest common factor of 530298680 and 46600.
9320
Calculate the highest common divisor of 73922 and 758402.
46
What is the greatest common factor of 30437364 and 36?
12
What is the greatest common divisor of 2116917 and 198?
99
Calculate the greatest common divisor of 10080 and 3026520.
2520
What is the greatest common divisor of 26865 and 9450?
135
Calculate the greatest common divisor of 4592 and 21301632.
656
What is the greatest common factor of 12 and 9029796?
12
Calculate the greatest common factor of 1250 and 80921850.
50
What is the highest common factor of 5 and 79619455?
5
What is the greatest common divisor of 4479321 and 121?
11
Calculate the highest common factor of 177 and 291843.
3
What is the highest common factor of 41475 and 333075?
75
What is the greatest common factor of 6345501 and 85263?
879
What is the highest common factor of 656 and 199318384?
656
What is the greatest common factor of 6125258 and 27838?
898
Calculate the greatest common divisor of 67115449 and 69.
23
Calculate the highest common factor of 1341696 and 6912.
768
What is the greatest common factor of 43537 and 385866?
221
Calculate the highest common factor of 612 and 164160891.
153
What is the highest common divisor of 1003498685 and 1106?
553
What is the greatest common divisor of 595 and 472010?
35
What is the greatest common divisor of 8545 and 567174375?
8545
What is the greatest common factor of 80892 and 6097716?
3852
What is the greatest common divisor of 12940240 and 84?
4
What is the greatest common divisor of 14290 and 2780?
10
What is the highest common factor of 369 and 19554663?
123
Calculate the greatest common factor of 4585 and 45395.
35
Calculate the highest common divisor of 15515 and 92249.
29
What is the highest c